*2 + 5*g + 5. Let w(h) = 4*h**2 + 5*h + 5. Let r(k) = -5*n(k) + 4*w(k). Let j(v) = 2*v**2 + 2*v + 2. Let m(s) = 5*j(s) + 2*r(s). Give m(1).
2
Let d(n) = n + 1. Let w(j) = j**3 - 3*j**2 - 3*j - 5. Let h be w(4). Let o(p) = 1. Let q(a) = h*d(a) - 2*o(a). Determine q(-5).
2
Let o = -14 - -19. Let p(r) = r - 6. What is p(o)?
-1
Let l(w) = 2*w**3 + 5*w**2 + 2*w. Let n(o) = -o**3 + 14*o**2 - 24*o - 3. Let s be n(12). What is l(s)?
-15
Let k(v) be the first derivative of v**3/6 - 3*v**2/2 - 2*v + 1. Let f(y) be the first derivative of k(y). What is f(3)?
0
Let d be 2 + 1 - 1 - 1. Let x(m) be the first derivative of -m**4/4 - m**3/3 + m + 7. Give x(d).
-1
Suppose -2*b - 3*b = -40. Suppose -3*k + 5*k = b. Let v(d) = -k*d + 3 - 3 + 9*d. Give v(-1).
-5
Suppose 0 = 5*h - p - 11, 0 = h - 2*h - p + 1. Let a(u) = 2 + 0 - 2 - 2 - 4*u. What is a(h)?
-10
Let g(z) = z + 3. Let v = 132 - 135. Calculate g(v).
0
Let x(p) = -p + 6. Let y be (-4)/6 - (-51)/9. Suppose 0 = -3*v - y*j - 10 - 2, 2*j - 12 = 3*v. Let s = v + 9. Determine x(s).
1
Let v(t) = t**2 + 6. Let j be (-3)/(-12) - 58/8. Let z = j + 1. Let i(y) = -y**3 - 5*y**2 + 5*y - 6. Let p be i(z). Give v(p).
6
Let y(l) be the first derivative of l**2/2 - 6*l + 3. Let a be y(8). Let i(r) = -2*r. Calculate i(a).
-4
Let i(s) = -2*s**2 + 6*s + 3. Let a = 0 + -3. Let q(g) = -g**2 + 5*g + 3. Let d(n) = a*q(n) + 2*i(n). Calculate d(-2).
-1
Let t(c) = -12 + 2 + 2 - 2*c. Give t(-6).
4
Let a(p) = -21*p**2 + 20*p**2 - 2*p**3 + 3*p**3 + 2*p. Suppose 0 = -5*x - 0*w + 2*w, 2*w - 18 = -4*x. What is a(x)?
8
Let n(d) be the third derivative of -d**6/120 + d**5/10 - 5*d**4/24 - d**3/2 - 3*d**2. Determine n(4).
9
Let s(w) = 4*w**2 + 4 - 5*w + 2*w - 2*w - w**3. Give s(4).
-16
Let k(n) = 2*n**3 + n. Suppose 0*x + 3 = x. Let z = -2 + x. Suppose -2*c = z + 1. Give k(c).
-3
Suppose -4*x - 2*p + 35 = -55, -x - 3*p = -25. Suppose 0 = 4*v - 2 + x. Let f(n) be the first derivative of n**3/3 + 7*n**2/2 + 5*n + 8. Give f(v).
-5
Let p(c) = c + 20 - 3*c**3 - 10*c**2 + 2*c**3 - 7 - c**2. Determine p(-11).
2
Let w(h) be the first derivative of h**2/2 + 4*h + 37. Calculate w(-4).
0
Let b(p) = p**3 + p. Suppose -3*t = -4*t + 3. Let n(d) = 2*d**3 - 5 - 3*d**3 - d + 3*d**3 - d**t + 7*d**2. Let u be n(-7). Calculate b(u).
10
Suppose -2*y = 4, 0 = 2*n + 5*y + 5 - 3. Let d(b) = b**2 - 4*b. Give d(n).
0
Let w(a) = -3*a - 4. Suppose x = 2*x + 50. Let n be ((-40)/x)/(2/(-10)). Give w(n).
8
Let g(i) = -2*i - i - 11 + 10. Calculate g(-1).
2
Let f(u) = -u**2 + 5*u - 7. Suppose 12 = 13*c - 11*c. Give f(c).
-13
Let j(n) = -10*n + 1. Let v(c) = -6 + c - 4 + 12 - 3. Suppose -3 = o + 1, -2*g - o = 6. Let k(d) = g*j(d) - 2*v(d). Calculate k(-1).
-7
Let i = -7 + 12. Let t(l) = l - 3. Let c(x) = 2*x - 6. Let b(w) = -2*c(w) + 5*t(w). Let s(u) = -2*u + 7. Let y(f) = 10*b(f) + 4*s(f). Give y(i).
8
Let g(b) be the second derivative of b**3/2 - b**2 + 66*b. Let r(n) = -n. Let t be r(-4). Suppose -2*s - t = 0, -3*v = 2*s + 2*s + 14. What is g(v)?
-8
Suppose 2*i - 3*i + 2 = 0. Suppose -i*o = -o + 5. Let d(s) be the third derivative of s**4/12 + s**3/2 + 6*s**2. What is d(o)?
-7
Let d(y) = y**2 + 2*y + 3. Let l(r) = -5*r**2 - 7*r - 12. Let j(p) = 9*d(p) + 2*l(p). Calculate j(-2).
-9
Let k(y) = 4*y - y - 4*y. Let d be (-38)/(-8) + 24/(-32). What is k(d)?
-4
Let w(l) = -l + 8. Suppose -13 = -3*u - 0*r - 4*r, 4*r = -4*u + 20. Let b be w(u). Let t(c) = -2*c. Calculate t(b).
-2
Let s(r) = 3*r**2 + 5*r + 3. Let i be s(-3). Let x = i - 11. Let p(d) = -d**2 + d - 6 - 2*d + 5*d. Determine p(x).
-6
Let i(x) = -2*x**2 - x + 1. Let t be 12/(-9)*3/(-2). Suppose 2*g = 4*g - t. Give i(g).
-2
Let s(i) = i**2 - 8*i + 12. Let r be s(8). Let x = 6 - r. Let l(y) = -y + 2. Give l(x).
8
Let p(a) = a**2 + a + 2. Let r be p(0). Let d(s) = s**3 - s**2 - 4*s**2 + 3*s + 4*s**2 - 3 - r*s**3. Calculate d(2).
-9
Let f be (-9)/15 - (-2)/(-5). Let y(z) be the third derivative of z**5/15 - z**4/24 + 18*z**2. Give y(f).
5
Let b = -10 - -7. Let q = -4 + 8. Let r(p) = -p - q*p + 6*p. What is r(b)?
-3
Let z(p) = 1. Suppose 3*b - 2 = l - 0*l, 0 = -5*b - 3*l - 20. Let x(c) = -c + 9. Let u(y) = b*x(y) + 6*z(y). Suppose 0 = 2*h - 0*h + 6. Determine u(h).
-6
Let r(o) = -17*o**2 + 19*o + 37. Let s(b) = 12*b**2 - 13*b - 25. Let p(l) = -5*r(l) - 7*s(l). What is p(7)?
11
Suppose -2*y + 2*b = -2, -2*y - 2 + 4 = 4*b. Let z(x) be the first derivative of -x**4 + 2*x**3/3 - x - 3. What is z(y)?
-3
Let v(q) = q**3 - q**2 - 5 - q**3 + q**3. Suppose -5*d = -6*d. Calculate v(d).
-5
Let y(v) be the first derivative of v**3/3 + v**2/2 - v + 15. Determine y(0).
-1
Let p = -1 + -3. Let g be p/(-6)*(-21)/(-2). Let f(u) = -2*u**3 + 4*u**3 - u**3 + 4*u**2 - 3 - g*u. Determine f(-5).
7
Let c(d) = -9*d + 4. Let s(y) = 4*y - 2. Let p be -1 - -1*4/1. Let h(a) = p*c(a) + 7*s(a). Determine h(0).
-2
Let f(b) = 2*b + 3. Let o(x) = -10*x - 16. Let z(l) = 11*f(l) + 2*o(l). What is z(-1)?
-1
Let g(i) = -3 + 2 - 56*i**2 + 51*i**2 - i - i**3. Determine g(-5).
4
Let b(a) be the third derivative of -a**6/120 + a**5/15 + a**4/24 + a**2. Let j be (1 - 3)*2 + (-8)/(-1). What is b(j)?
4
Let t(i) = -i - 4. Let j(a) = 2*a + 7. Let z(p) = -2*j(p) - 5*t(p). Give z(-8).
-2
Let f(w) be the third derivative of -w**6/15 - w**5/60 - 11*w**2. What is f(-1)?
7
Suppose 4*l = -5*m + 8*l - 45, l = -4*m - 15. Suppose 0*a - 5 = 5*a - 3*k, 4*a + 4*k = 28. Let n(z) = 5*z + 28 + z**a - 31 + 3*z - 4*z. What is n(m)?
2
Let k = -5 - -6. Let g be (-1)/(-4) + 35/20. Let b(p) = -2 - p + 2*p**2 + 3 - p**g + 10*p**3. What is b(k)?
11
Let j = 4 - 2. Let t(w) = 0*w - 6*w**j + 3 + w**3 - w + 2*w + w**2. Calculate t(4).
-9
Let n(c) = 10*c + 12*c - 37*c + 12*c. Let u = -1 - -1. Suppose u = i - 4 + 2. Give n(i).
-6
Let o(w) = 146*w - 150*w - 2*w**2 + 3*w**2 + 3 + 0*w**2. Suppose -2*n = 4*b + 6, -2*n = b + b. Give o(n).
0
Let t(y) = -y**2 + 5*y + 10. Let l(c) = c + 1. Let n(f) = 6*l(f) - t(f). Determine n(-3).
2
Suppose 7 = -0*u - 4*u + p, 2*p - 4 = 3*u. Let z(q) = 10*q. Calculate z(u).
-20
Let x(z) = -5*z**3 + z**2 + 4. Let k(i) = 5*i**3 - 2*i**2 - 5. Let h(y) = 3*k(y) + 4*x(y). What is h(-1)?
4
Let r(u) = -10*u + 0*u**2 + u**2 - 7 - u + 8*u. Suppose 0 = -5*w + 2*x + 23, -3*w + 2*w = 5*x - 10. Give r(w).
3
Let q(c) = c**2 + 9*c + 3. Let p be q(-7). Let m = p - -12. Let d(w) = -7*w**3 - 2*w**2 + w. Determine d(m).
-8
Let o be 5 + 2*(-1)/(-2). Let h(p) = -13*p + 17. Let l(q) be the second derivative of 3*q**3/2 - 11*q**2/2 + q. Let d(m) = -5*h(m) - 7*l(m). Give d(o).
4
Let c be ((-30)/9)/(-5) - 2/(-6). Let z(d) = -10*d**2 - d**2 + 1 + 0. Give z(c).
-10
Let a be 13 + (-5 - 6/(-3)). Let d be (-155)/(-25) + (-2)/a. Let j(b) = b - 1. Calculate j(d).
5
Suppose -3*a + 3 = 4*f - 14, f = 2*a - 4. Suppose l + 1 = f*l. Let d(c) = 5*c - 5. Let g(n) = 5*n - 4. Let k(b) = 3*d(b) - 4*g(b). Determine k(l).
-4
Let b(w) be the second derivative of w**3/6 - w**2 + 14*w. Determine b(6).
4
Let a(g) be the second derivative of g**6/360 + g**5/40 + g**4/8 + g**3/3 - g. Let x(n) be the second derivative of a(n). Determine x(-2).
1
Let q(y) = y + 1. Let a(w) = 8*w + 5. Let h(l) = -a(l) + 4*q(l). Let z = 308 + -310. Determine h(z).
7
Suppose 4*c + 4*z = 16, c + 2*z = 2*c + 8. Let r(o) = c*o - o - 2 - o**2 + 8*o + 0. Determine r(3).
10
Let p(x) = -x**3 + 3*x**2 + 2*x + 2. Let k = -16 - -10. Let a be 2/k - 4/(-3). Suppose -a = m - 2*o + 1, -1 = -m + o. Give p(m).
-6
Let q(c) = -c - 9. Suppose 0*b = -5*b. Let m be (2 - b) + -2 - -3. Suppose 2*f - 5*k - 10 = 0, -k - 11 = -f + m*k. Calculate q(f).
-4
Let f(r) = -2*r + 6. Let c(y) = -y**2 - 6*y - 4. Let i be c(-2). What is f(i)?
-2
Let v(o) = 8*o + 6*o**2 - o + o**3 - 2 + 8. Determine v(-4).
10
Let h(r) be the first derivative of -r**6/360 + r**5/40 + 5*r**4/24 - r**3/3 - 2. Let p(k) be the third derivative of h(k). Give p(4).
1
Let g(a) = 2*a**2 - 2*a + 1 - 2*a + a. Let b(h) = h**2 - 3*h - 2. Suppose 5*u - 3 = 3*v, 5*u + 11 = 5*v + 2*u. Let s be b(v). Determine g(s).
3
Let m be -3 + 0*1/(-3). Let p(a) = 3*a + 2. Let n(f) = f + 1. Let b(d) = m*p(d) + 8*n(d). Calculate b(6).
-4
Let q(j) be the first derivative of -2 - 1/2*j**2 - 3*j. Suppose 0 = -2*i - 2 - 4. What is q(i)?
0
Let t(f) = 4*f + 3. Let c be 32/(-40)*(2 + 2/4). Determine t(c).
-5
Suppose -4*p = 8, -2*